 = 3*m + 99, 5*m + 167 = 2*h - 6*h. What is the units digit of (-54)/(-10) - 21/m?
6
Suppose -3*c + c = -2*s + 206, -4*c = s - 123. What is the units digit of s?
7
Let t(v) = v**3 - 6*v**2 + v - 3. Let z be t(6). Suppose 0*x - 2*x = -12. Let a = x + z. What is the units digit of a?
9
Let i(f) = -f**2 - 12*f - 2. Let h(o) = -2*o + 6. Let u be h(7). Let b be i(u). Suppose 0 = -a + 6*a - b. What is the units digit of a?
6
Let f = 13 - 16. What is the tens digit of 9/((-4)/f + -1)?
2
Suppose 30 = -0*h + 3*h. Let w(d) = d**3 - 10*d**2 - 5. Let y be w(h). Let i = 3 - y. What is the units digit of i?
8
Let t(f) = f + 10. Let i = -4 + 4. What is the tens digit of t(i)?
1
Let t(f) = 2*f**3 + 2*f**2 - 3. What is the units digit of t(2)?
1
Let f(t) = -13*t**3 + 0 + 1 + 0*t**2 - 2 - 2*t - t**2. What is the units digit of f(-1)?
3
Suppose -8*x + 36 = -4*x. Suppose -1 = 2*i - x. Suppose 5*g - 27 = -3*n, n - 13 = -i*g + g. What is the units digit of g?
3
Let v(p) = -p**2 - 5*p + 8. Let t be -8 + 6/2 + -1. Let c be v(t). Suppose -3*i = -5*h - 13, 3*h - 31 = -5*i + c*h. What is the units digit of i?
6
What is the tens digit of 27 - 1/((-4)/12)?
3
Let c = -289 + 427. What is the units digit of c?
8
What is the tens digit of 166 + ((-8)/6)/(20/(-30))?
6
What is the units digit of (1*6)/(12/56)?
8
Let y(v) = -12*v**3 - v**2 - 2*v - 1. Let t = -10 - -4. Let k be (1/(-3))/((-2)/t). What is the tens digit of y(k)?
1
Let x(v) = -v**2 + 6*v - 3. Let g be x(4). Suppose -g*k - 3 = 27. What is the units digit of ((-4)/6)/(k/9)?
1
Let t(y) = -y**3 + 4*y**2 + 5*y. Suppose 0 = 2*m - 10 - 0. Let q be t(m). Let i = 15 + q. What is the units digit of i?
5
Let d = 5 + -5. Suppose -4*n = 5*k - 49, d*n - n + 1 = 0. Let y = k + 3. What is the units digit of y?
2
Let q(z) = z**3 + 16*z**2 - 16*z + 20. Let i = 20 - 37. What is the units digit of q(i)?
3
Suppose -5*f + v = -13, 2*f + 4*v - 11 = f. Let c = f - -4. What is the units digit of c?
7
Let j(h) = -h**2 - 6*h + 3. Suppose y = -2*k - 14, -y + k = 5*k + 22. Let w be j(y). Suppose f - 2*x = -w - 0, 8 = 4*f + 2*x. What is the units digit of f?
1
Let i(l) = 3*l**2 - 1. Suppose 0 = -2*b - g + 3*g - 6, 4 = 2*g. Let f be i(b). Suppose 3*h - 8 = 4*x + 7, f*x = 6. What is the units digit of h?
9
Let j(x) = x - 2. Let w be j(7). Suppose -4*p - 96 = -7*p + 4*d, 2*p + w*d = 87. What is the units digit of p?
6
Suppose -3*y = 2*l + 35, y - 4*l + 35 = -0*l. Let s = -10 - y. What is the units digit of s?
5
Let g(u) = 32*u. Let f be ((-3)/18)/((-2)/12). What is the units digit of g(f)?
2
Let r be (1/3)/(2/(-6)). Suppose -l = -4*l + 6. Let m = l + r. What is the units digit of m?
1
Suppose 4*r - 5*r = -175. What is the hundreds digit of r?
1
Let f be -4 + 3 + -16*1. Let m = f - -29. What is the tens digit of m?
1
Suppose -2*b - 2*q + 7*q = -290, -4*b - 5*q + 640 = 0. What is the tens digit of b?
5
Let t be (-21)/(-3)*(-18)/(-21). Let z be (t + -5)/((-2)/(-96)). Suppose -2*y = y - z. What is the tens digit of y?
1
Suppose 63 + 269 = 4*v. What is the tens digit of v?
8
Let x be 37*3*(-3)/(-9). Suppose -4*t - 10 = -2*h, 3*h + t - x = -4*t. What is the units digit of h?
9
Suppose 3*y - 68 = -4*x - y, -3*y - 24 = -2*x. What is the tens digit of x?
1
Let r = 7 - 2. Suppose 3*p - 3*v + 1 = 2*v, -r*v + 33 = p. What is the units digit of p?
8
Suppose 4*z = -4*j - 4, z - 17 = 4*j - 3. Let v(a) = 3*a + 6. Let p be v(7). Suppose p = z*t + 7. What is the tens digit of t?
1
Let j = -84 + 140. Suppose 0 = -5*v + 4*v. Suppose 5*s - 14 - j = v. What is the units digit of s?
4
Suppose -2 = 3*v - 2*h - 9, -2*v - h = -7. Suppose -v*i - 20 = -m, m + 6*i = i + 36. What is the units digit of m?
6
Let b = 174 - 107. What is the units digit of b?
7
Let l = 129 - 79. Suppose 11 = x + 2*o - 11, 0 = 3*x - 2*o - l. What is the tens digit of x?
1
Let w(z) = z + 111. What is the tens digit of w(0)?
1
Let q(g) = g**3 + 3*g**2 - 3. Let m be q(-3). Let u(z) = z**2 - z + 4. What is the tens digit of u(m)?
1
Let f(c) = -c**3 - 5*c**2 - 6*c - 6. Let u be f(-4). Suppose u*o - 2 = o. What is the tens digit of (1 + -3)*(-12)/o?
1
Suppose -37*d - 964 = -41*d. What is the tens digit of d?
4
Let r(v) = v + 5. Let x = 5 + 0. Suppose 5*t - 3*i = 3, 5 = 5*t - x*i - 0. What is the units digit of r(t)?
5
Let k = 23 - 9. Let g = 53 - k. What is the units digit of g?
9
Suppose 0 = -3*u + 4*d - 5*d - 10, -2*u + d - 5 = 0. Let b = 3 - u. What is the units digit of 2/4 + 3/b?
1
Let o(g) = g + 63. What is the tens digit of o(-15)?
4
Let h be 66/(-4) - (-4)/(-8). Let c be (h + 2)*8/20. What is the units digit of (-3)/(c/(-4) - 3)?
2
Let o be ((-2)/3)/(8/36). Let d = o - -6. What is the units digit of d?
3
Let d(a) = 5*a + 2. Let i(k) = 29*k + 12. Let s(q) = 34*d(q) - 6*i(q). Let h be s(-3). Let w = h + 0. What is the units digit of w?
8
What is the units digit of 3 + (-3 + 10)*13?
4
Let v(a) be the second derivative of -7*a**3/3 - 5*a. What is the units digit of v(-2)?
8
Let g be ((-3)/(-6))/(3/12). What is the units digit of 62/2 + g + 0?
3
Let p be 0 + 199 - (0 - 2). Suppose -5*s - 35 = 2*d - p, 2*s = 2*d + 58. Suppose 2*i + g - s = 0, i + 4*g = -i + 32. What is the tens digit of i?
1
Let k be (-764)/36 + 2/9. Let j = -49 - -78. Let t = j + k. What is the units digit of t?
8
What is the tens digit of ((1 - 1) + -111)*(5 + -6)?
1
Let g = -26 + 60. What is the units digit of g + -4*3/6?
2
Suppose 5 = p - 36. What is the units digit of p?
1
Suppose 3*n = h + 267, 5*n - 437 = -3*h + 2*h. What is the units digit of n?
8
Suppose 4*v - 4*a - 48 = 0, -v = a + a - 15. Let r(z) = 4*z - 20. What is the tens digit of r(v)?
3
Suppose 0 = 2*d + 4 + 6, -5 = 4*g + 5*d. Suppose -48 = t - g*t. Suppose -t = -2*b - b. What is the units digit of b?
4
Suppose -8*f + 386 = -558. What is the hundreds digit of f?
1
Let y be (0/(-3) - 3) + 1. Let t(a) = 2*a**2 - a - 2. Let l be t(y). Let g = 16 - l. What is the units digit of g?
8
Suppose -3*x + 2 - 1 = -y, 5*y = x - 47. Let f be (-166)/y + (-2)/(-5). Suppose -2*j = -10, -2*a - 4*j + 3*j = -f. What is the units digit of a?
6
Let v(c) = -c**2 - 11*c + 5. Let w(b) = -b + 1. Let r be w(11). What is the tens digit of v(r)?
1
Suppose -10*b - 1 = -581. What is the tens digit of b?
5
Suppose 40 = -3*t + 5*t. Let q be (t/(-6))/(4/(-30)). Suppose 2*n + q = 3*i + 6*n, -3*i + 29 = 5*n. What is the units digit of i?
3
Let h = -2 + 4. Suppose -4*f = -h*f - 24. What is the tens digit of f?
1
Suppose 0 = -b + 57 - 6. Suppose b = 3*s - 2*a, -3*s - 2*s = 2*a - 101. What is the tens digit of s?
1
Suppose 0 = g - 5*g. Suppose 2*o = 5*h + 11 + 1, -o - 4*h + 6 = g. What is the units digit of o?
6
Let z(f) = 31*f - 33. What is the hundreds digit of z(11)?
3
Let d = 1 + -3. What is the units digit of (-3)/(-2)*(0 - d)?
3
Let k be (-2)/(4/(-18) - 0). Suppose 2*v - 33 = -2*v + q, -2*v = q - k. What is the units digit of v?
7
Suppose -3*d = -5*x - 31, -2*d + d = x + 3. Suppose -d*p + 0*p = 0. Suppose 0 = -5*u + j + 75, p = -2*u + j - 6 + 33. What is the units digit of u?
6
What is the tens digit of (-480)/(-35) + (-2)/(-7)?
1
Suppose -1 = -3*n - g + 6, -2 = g. Suppose 20 + 12 = 5*u + n*b, 5*u - 8 = 3*b. Suppose 4*j = 5*q - 10, -29 = -u*q - 3*j + 2*j. What is the units digit of q?
6
Let h = 184 - 97. What is the units digit of h?
7
Let z(n) = -n**3 + 4*n**2 - 3*n + 2. Let k be z(3). Let m = -6 - -6. Let v = k + m. What is the units digit of v?
2
Let w(n) = n**3 - 4*n**2 + 5. Let j be w(4). Suppose 13 = -j*y - 17. Let x = 0 - y. What is the units digit of x?
6
Let o = 216 + -119. What is the tens digit of o?
9
Suppose 0 = -2*v - 2*v + 32. What is the units digit of v?
8
What is the units digit of (-1)/(-3)*(15 - -6)?
7
Let a = 235 + -150. What is the units digit of a?
5
Let b(c) be the first derivative of -c**3/3 + 2*c**2 - 6*c - 3. Let l be b(4). What is the units digit of -4 + 4 - (0 + l)?
6
Suppose -5*v + 716 + 374 = 0. What is the tens digit of v?
1
Let g(p) = p**3 - 11*p**2 - p + 13. Let k be g(11). Let m be (-3 - -2) + 1*4. Suppose k*y = j, -5*y - m*j + 8 = -3*y. What is the units digit of y?
1
What is the tens digit of (156/15)/((-3)/(-15))?
5
Suppose -47 = -5*v - 5*m + 28, 5*v = 4*m + 111. What is the units digit of v?
9
Suppose -40 = -5*n - 5*a, 3*a = -a - 20. What is the tens digit of